y 338?
325
What is the remainder when 121055 is divided by 2815?
10
What is the remainder when 47767 is divided by 758?
13
Calculate the remainder when 7104752 is divided by 235.
232
What is the remainder when 2305 is divided by 708?
181
Calculate the remainder when 47225 is divided by 192.
185
What is the remainder when 34525 is divided by 388?
381
Calculate the remainder when 146597 is divided by 90.
77
Calculate the remainder when 17899 is divided by 101.
22
What is the remainder when 96837 is divided by 9672?
117
What is the remainder when 913 is divided by 706?
207
What is the remainder when 812427 is divided by 40621?
7
Calculate the remainder when 8699 is divided by 164.
7
Calculate the remainder when 94525 is divided by 13497.
46
Calculate the remainder when 37076 is divided by 267.
230
What is the remainder when 8389 is divided by 4143?
103
What is the remainder when 50005 is divided by 14?
11
What is the remainder when 499160 is divided by 71305?
25
What is the remainder when 826 is divided by 436?
390
What is the remainder when 317825 is divided by 199?
22
Calculate the remainder when 3329 is divided by 21.
11
Calculate the remainder when 286791 is divided by 1017.
1014
Calculate the remainder when 21971 is divided by 198.
191
What is the remainder when 4957 is divided by 302?
125
What is the remainder when 4747 is divided by 17?
4
What is the remainder when 10420 is divided by 26?
20
Calculate the remainder when 11748 is divided by 1168.
68
Calculate the remainder when 667 is divided by 591.
76
What is the remainder when 40883 is divided by 4541?
14
What is the remainder when 266403 is divided by 800?
3
Calculate the remainder when 347221 is divided by 8903.
4
What is the remainder when 22788 is divided by 530?
528
What is the remainder when 294837 is divided by 74?
21
What is the remainder when 6560 is divided by 187?
15
Calculate the remainder when 72004 is divided by 221.
179
What is the remainder when 1778 is divided by 1415?
363
Calculate the remainder when 32878 is divided by 94.
72
What is the remainder when 6084 is divided by 112?
36
What is the remainder when 10822 is divided by 10809?
13
What is the remainder when 56855 is divided by 7?
1
Calculate the remainder when 7781 is divided by 41.
32
What is the remainder when 2579 is divided by 1167?
245
What is the remainder when 58175 is divided by 3058?
73
What is the remainder when 569 is divided by 182?
23
Calculate the remainder when 10219 is divided by 3005.
1204
Calculate the remainder when 1387816 is divided by 58.
50
Calculate the remainder when 243731 is divided by 27076.
47
Calculate the remainder when 19051 is divided by 4757.
23
Calculate the remainder when 54786 is divided by 1338.
1266
Calculate the remainder when 10170 is divided by 127.
10
Calculate the remainder when 114924 is divided by 16414.
26
What is the remainder when 190883 is divided by 9544?
3
Calculate the remainder when 19523 is divided by 697.
7
Calculate the remainder when 130426 is divided by 12.
10
What is the remainder when 62328 is divided by 220?
68
Calculate the remainder when 28609 is divided by 311.
308
What is the remainder when 452507 is divided by 74?
71
What is the remainder when 3452 is divided by 1625?
202
What is the remainder when 16667 is divided by 17?
7
Calculate the remainder when 3477 is divided by 181.
38
Calculate the remainder when 9268900 is divided by 19.
16
Calculate the remainder when 352190 is divided by 120.
110
What is the remainder when 1046 is divided by 343?
17
What is the remainder when 8638 is divided by 19?
12
Calculate the remainder when 83072 is divided by 41502.
68
What is the remainder when 7573 is divided by 407?
247
Calculate the remainder when 15039 is divided by 161.
66
What is the remainder when 123539 is divided by 1930?
19
What is the remainder when 8551693 is divided by 59?
56
What is the remainder when 2144 is divided by 239?
232
Calculate the remainder when 18726 is divided by 792.
510
Calculate the remainder when 10335 is divided by 157.
130
Calculate the remainder when 135 is divided by 83.
52
What is the remainder when 4427 is divided by 259?
24
What is the remainder when 63826 is divided by 1160?
26
Calculate the remainder when 2432 is divided by 2289.
143
What is the remainder when 1081742 is divided by 194?
192
What is the remainder when 49742 is divided by 155?
142
Calculate the remainder when 1118 is divided by 136.
30
Calculate the remainder when 52076 is divided by 105.
101
Calculate the remainder when 134266 is divided by 21.
13
What is the remainder when 174373 is divided by 465?
463
Calculate the remainder when 2828 is divided by 14.
0
Calculate the remainder when 23390 is divided by 4554.
620
Calculate the remainder when 4938 is divided by 4931.
7
Calculate the remainder when 3672 is divided by 438.
168
What is the remainder when 1934 is divided by 319?
20
What is the remainder when 5514 is divided by 2739?
36
What is the remainder when 22234 is divided by 139?
133
Calculate the remainder when 88434 is divided by 340.
34
Calculate the remainder when 13662 is divided by 683.
2
Calculate the remainder when 60021 is divided by 984.
981
Calculate the remainder when 36271 is divided by 12080.
31
Calculate the remainder when 1773 is divided by 171.
63
What is the remainder when 98704 is divided by 2243?
12
Calculate the remainder when 4147 is divided by 999.
151
Calculate the remainder when 385 is divided by 54.
7
Calculate the remainder when 40419 is divided by 10044.
243
What is the remainder when 1075527 is divided by 233?
232
What is the remainder when 4398 is divided by 334?
56
Calculate the remainder when 8976 is divided by 885.
126
Calculate the remainder when 43649 is divided by 204.
197
What is the remainder when 889142 is divided by 79?
76
What is the remainder when 1735 is divided by 535?
130
Calculate the remainder when 46281 is divided by 15415.
36
Calculate the remainder when 394481 is divided by 113.
111
Calculate the remainder when 51058 is divided by 53.
19
Calculate the remainder when 1609 is divided by 77.
69
Calculate the remainder when 203291 is divided by 14520.
11
What is the remainder when 582 is divided by 53?
52
Calculate the remainder when 40562 is divided by 40538.
24
Calculate the remainder when 80898 is divided by 36.
6
Calculate the remainder when 161591 is divided by 1010.
1001
Calculate the remainder when 2685 is divided by 755.
420
What is the remainder when 273538 is divided by 122?
14
Calculate the remainder when 9919 is divided by 50.
19
Calculate the remainder when 163439 is divided by 54478.
5
Calculate the remainder when 69820 is divided by 44.
36
What is the remainder when 3309 is divided by 15?
9
What is the remainder when 62181 is divided by 55?
31
Calculate the remainder when 568897 is divided by 291.
283
What is the remainder when 1497356 is divided by 1563?
2
Calculate the remainder when 16851 is divided by 3369.
6
Calculate the remainder when 404527 is divided by 453.
451
Calculate the remainder when 873670 is divided by 206.
24
What is the remainder when 23991 is divided by 95?
51
What is the remainder when 31131 is divided by 479?
475
Calculate the remainder when 2542 is divided by 188.
98
Calculate the remainder when 694848 is divided by 6042.
18
What is the remainder when 71299 is divided by 11861?
133
What is the remainder when 252045 is divided by 66?
57
What is the remainder when 68586 is divided by 6851?
76
Calculate the remainder when 1664 is divided by 173.
107
What is the remainder when 5419 is divided by 25?
19
Calculate the remainder when 20227 is divided by 218.
171
Calculate the remainder when 4455 is divided by 2222.
11
What is the remainder when 15724 is divided by 15712?
12
Calculate the remainder when 17835 is divided by 1980.
15
Calculate the remainder when 5229 is divided by 250.
229
What is the remainder when 107801 is divided by 49?
1
Calculate the remainder when 198907 is divided by 65.
7
What is the remainder when 13939 is divided by 22?
13
What is the remainder when 1639 is divided by 1536?
103
What is the remainder when 257737 is divided by 242?
7
Calculate the remainder when 2503 is divided by 31.
23
Calculate the remainder when 3280 is divided by 1272.
736
Cal